3?
True
Is 4 a factor of 187352?
True
Is 19 a factor of 523842?
False
Is 14 a factor of 217190?
False
Does 51 divide 18768?
True
Does 769 divide 7740754?
True
Is 6943333 a multiple of 103?
True
Is 93 a factor of 5453799?
True
Is 98 a factor of 3869051?
False
Is 106 a factor of 1956103?
False
Is 108 a factor of 15538176?
True
Does 424 divide 458286?
False
Is 3942844 a multiple of 285?
False
Is 7534048 a multiple of 959?
False
Is 285471 a multiple of 164?
False
Is 639 a factor of 5130879?
False
Is 9 a factor of 35817?
False
Does 485 divide 1952797?
False
Does 449 divide 1253608?
True
Is 9 a factor of 492642?
True
Is 2 a factor of 24835?
False
Is 7564075 a multiple of 31?
False
Does 96 divide 54651?
False
Does 58 divide 2700538?
True
Is 9 a factor of 1165777?
False
Is 85500 a multiple of 60?
True
Is 69 a factor of 195132?
True
Does 70 divide 2603123?
False
Does 348 divide 11013072?
False
Is 41 a factor of 539191?
True
Is 132 a factor of 416724?
True
Does 7 divide 1051057?
True
Does 23 divide 2286490?
False
Is 624925 a multiple of 20?
False
Is 5879593 a multiple of 337?
False
Does 18 divide 167040?
True
Is 511015 a multiple of 383?
False
Is 20800 a multiple of 100?
True
Does 27 divide 177168?
False
Does 134 divide 824164?
False
Is 441051 a multiple of 383?
False
Does 33 divide 367818?
True
Is 31779 a multiple of 3?
True
Is 16 a factor of 969987?
False
Does 82 divide 40508?
True
Is 27340 a multiple of 20?
True
Does 52 divide 21112?
True
Is 432122 a multiple of 68?
False
Does 663 divide 8384961?
True
Is 4522392 a multiple of 63?
True
Is 3 a factor of 80273?
False
Does 16 divide 87396?
False
Is 2703588 a multiple of 41?
False
Is 16921060 a multiple of 346?
False
Does 263 divide 824925?
False
Is 10 a factor of 384128?
False
Is 782 a factor of 7784009?
False
Does 950 divide 16213650?
True
Is 17 a factor of 11103618?
True
Does 9 divide 2606729?
False
Is 669 a factor of 3543693?
True
Is 170234 a multiple of 94?
True
Is 1249315 a multiple of 29?
False
Does 25 divide 4024645?
False
Does 43 divide 19322?
False
Is 1207 a factor of 24190066?
False
Does 6 divide 27408?
True
Is 3800759 a multiple of 313?
True
Is 89 a factor of 802157?
True
Is 32 a factor of 128460?
False
Is 51 a factor of 121839?
True
Is 1660828 a multiple of 33?
False
Is 43 a factor of 3050205?
True
Is 276 a factor of 58788?
True
Does 286 divide 2602886?
True
Is 143 a factor of 12847549?
True
Is 79 a factor of 29467?
True
Is 1039 a factor of 5204351?
True
Is 16 a factor of 315472?
True
Is 3 a factor of 28521?
True
Is 356 a factor of 7052848?
False
Does 237 divide 229890?
True
Is 128 a factor of 79232?
True
Is 635 a factor of 154305?
True
Is 353343 a multiple of 17?
False
Does 37 divide 4422463?
False
Is 252490 a multiple of 7?
True
Does 7 divide 223250?
False
Does 46 divide 6541752?
True
Does 6 divide 42030?
True
Is 69875 a multiple of 5?
True
Is 283560 a multiple of 15?
True
Is 17 a factor of 149152?
False
Is 53 a factor of 2680422?
True
Is 1982632 a multiple of 13?
False
Is 50575 a multiple of 35?
True
Is 22 a factor of 31561?
False
Is 14 a factor of 2002084?
True
Is 10 a factor of 1060670?
True
Is 178222 a multiple of 22?
True
Does 112 divide 29316?
False
Is 2530164 a multiple of 588?
True
Is 504 a factor of 650664?
True
Is 904 a factor of 11501592?
True
Is 11 a factor of 6435?
True
Does 5 divide 136690?
True
Is 1181 a factor of 8195235?
False
Is 32 a factor of 1642432?
True
Is 891289 a multiple of 7?
True
Is 49 a factor of 1283653?
True
Is 14 a factor of 1890?
True
Does 6 divide 302731?
False
Is 140 a factor of 2404145?
False
Is 8 a factor of 21495?
False
Is 5155144 a multiple of 19?
False
Is 19 a factor of 115672?
True
Does 31 divide 136810?
False
Does 227 divide 10910?
False
Does 2 divide 1419097?
False
Is 101 a factor of 31867?
False
Does 211 divide 11860521?
True
Does 710 divide 2441690?
True
Is 261 a factor of 1128564?
True
Is 541496 a multiple of 39?
False
Does 410 divide 20251717?
False
Does 2 divide 594?
True
Is 292 a factor of 1769302?
False
Does 4 divide 8136?
True
Is 149070 a multiple of 3?
True
Does 198 divide 723547?
False
Is 5356778 a multiple of 263?
False
Is 1250 a factor of 24282500?
True
Is 16 a factor of 1227088?
True
Is 10 a factor of 698749?
False
Does 108 divide 2444256?
True
Does 569 divide 610050?
False
Is 468201 a multiple of 27?
False
Is 5870158 a multiple of 7?
True
Does 5 divide 762514?
False
Is 84 a factor of 98027?
False
Does 11 divide 72429?
False
Is 17 a factor of 4348265?
False
Does 161 divide 8888488?
True
Is 33546 a multiple of 7?
False
Does 135 divide 61759?
False
Is 363125 a multiple of 309?
False
Is 2541309 a multiple of 142?
False
Does 211 divide 523913?
True
Does 17 divide 169008?
False
Is 253 a factor of 229724?
True
Is 126363 a multiple of 22?
False
Is 23 a factor of 32257?
False
Is 220 a factor of 2263008?
False
Is 68 a factor of 38700?
False
Does 73 divide 68272?
False
Does 12 divide 493128?
True
Is 72 a factor of 6143688?
True
Is 1725240 a multiple of 30?
True
Is 163 a factor of 395358?
False
Is 76 a factor of 1970292?
False
Is 488891 a multiple of 16?
False
Is 8492 a multiple of 6?
False
Is 350150 a multiple of 6?
False
Is 1137885 a multiple of 7?
True
Is 85 a factor of 109310?
True
Is 9022 a multiple of 126?
False
Is 60 a factor of 149940?
True
Is 66 a factor of 425311?
False
Does 316 divide 10269684?
True
Does 18 divide 233856?
True
Is 289 a factor of 68596?
False
Does 2 divide 7207?
False
Is 5 a factor of 506729?
False
Is 18 a factor of 14562?
True
Does 38 divide 366586?
True
Is 81072 a multiple of 12?
True
Is 43 a factor of 3514783?
False
Does 156 divide 3204084?
True
Is 127588 a multiple of 167?
True
Is 131976 a multiple of 27?
True
Is 327 a factor of 103986?
True
Does 7 divide 91511?
True
Is 581399 a multiple of 4?
False
Does 44 divide 698676?
True
Is 762425 a multiple of 5?
True
Is 5959447 a multiple of 13?
True
Is 17130 a multiple of 3?
True
Does 4 divide 96324?
True
Does 480 divide 492480?
True
Is 650862 a multiple of 4?
False
Is 451007 a multiple of 57?
False
Is 127046 a multiple of 457?
True
Is 13193397 a multiple of 18?
False
Is 2702646 a multiple of 162?
True
Does 105 divide 183225?
True
Does 8 divide 29453?
False
Is 3220068 a multiple of 12?
True
Is 1002525 a multiple of 5?
True
Is 35392 a multiple of 14?
True
Does 78 divide 183855?
False
Is 89 a factor of 164263?
False
Is 10 a factor of 16778?
False
Does 85 divide 539629?
False
Is 101364 a multiple of 51?
False
Does 27 divide 3592728?
True
Is 23 a factor of 10465786?
False
Does 19 divide 1213131?
True
Does 142 divide 1301004?
True
Is 72 a factor of 202824?
True
Is 172 a factor of 3217776?
True
Is 2887521 a multiple of 1511?
True
Is 188 a factor of 937621?
False
Does 752 divide 2514688?
True
Does 28 divide 2715720?
True
Is 80 a factor of 788800?
True
Is 45 a factor of 15513795?
True
Does 13 divide 312768?
False
Does 89 divide 1467699?
True
Does 60 divide 33240?
True
Is 71091 a multiple of 74?
False
Is 603383 a multiple of 614?
False
Is 686396 a multiple of 17?
False
Is 223 a factor of 5949640?
True
Is 709 a factor of 8211638?
True
Is 10 a factor of 20810?
True
Is 737264 a multiple of 175?
False
Is 2 a factor of 167853?
False
Is 11 a factor of 60940?
True
Does 797 divide 5065732?
True
Does 9 divide 43144?
False
Is 682 a factor of 695739?
False
Does 32 divide 2560?
True
Is 236 a factor of 504555?
False
Does 20 divide 2338503?
False
Is 39 a factor of 5144763?
True
Is 13 a factor of 2900?
False
Does 21 divide 173229?
True
Is 13 a factor of 136762?
False
Is 567762 a multiple of 502?
True
Is 3441445 a multiple of 7?
True
Is 19 a factor of 1104253?
False
Is 7367268 a multiple of 110?
False
Does 7 divide 49875?
True
Is 43 a factor of 672864?
True
Is 1643059 a multiple of 37?
True
Does 12 divide 8528568?
True
Does 65 divide 318305?
True
Is 13783002 a multiple of 109?
False
Is 584600 a multiple of 68?
False
Is 4463690 a multiple of 10?
True
Is 14 a factor of 209496?
True
Is 44 a factor of 197780?
True
Is 14 a factor of 648172?
True
Is 8 a factor of 141102?
False
Does 3 divide 5013?
True
Does 135 divide 115996?
False
Is 73 a factor of 13343?
False
Is 281 a factor of 45241?
True
Is 115256 a multiple of 4?
True
Does 61 divide 212158?
True
Does 11 divide 2476591?
False
Is 14235998 a multip